(p) be the second derivative of -p**5/20 + 5*p**4/4 - 19*p**3/6 + 8*p**2 + 7*p + 154. What is w(14)?
-54
Let l(u) = -u - 13. Let n be l(-16). Suppose n*q + 19 = 4*v - 3*v, 2*q + 18 = 2*v. Let x(f) = -4*f - f + 5*f + 2 - 3*f. Calculate x(v).
-10
Suppose 0 = b + 5*u + 6, 2*u + 2 = b - 6. Suppose -4*s - 16 = -5*m + 6, m + 4*s - 14 = 0. Let g(o) = m + o - 5 + 4. What is g(b)?
9
Let q(n) = -1 - 1668*n**2 - 1669*n**2 + 3336*n**2 - 7*n. Determine q(-3).
11
Suppose 17 = 8*t - 159. Suppose -214 = t*k - 38. Let u(i) = i**3 + 8*i**2 - 7. Give u(k).
-7
Let n(y) = 78*y + 45 + 52*y - 114*y. Determine n(-4).
-19
Let g(o) = -4*o**2 + 65*o + 517. Let l be g(22). Let v(r) = -r - 2*r + 0*r + 5*r + 4. Determine v(l).
26
Let h(q) = 4*q**3 - 31*q**2 + 13*q - 2. Let m(l) be the first derivative of 3/4*l**4 - l + 9 + 9/2*l**2 - 7*l**3. Let f(d) = 5*h(d) - 7*m(d). Calculate f(-8).
-19
Let v(s) = -150*s + 79 - 132*s - 14 - 139*s + 425*s. What is v(-15)?
5
Let r(q) = 6*q**2 + 11*q - 13. Let y(x) = 576*x - 3455. Let f be y(6). Give r(f).
4
Let y be ((-8658)/2405)/(6/(-10)). Let z(k) be the second derivative of k**3/6 - k**2 - k. What is z(y)?
4
Let u be (2/10)/((-24)/120). Let q(d) be the third derivative of -d**7/315 + d**5/120 - d**4/6 + 6*d**2. Let j(x) be the second derivative of q(x). Give j(u).
-7
Let s(x) = 11*x**2 + x. Suppose 566*w = 564*w - 2. Calculate s(w).
10
Let y = -34 + 37. Suppose -y*f + 5 = -7. Let g(h) = 8*h - 1 + h - 8*h + f*h + h**3 + 4*h**2. Give g(-4).
-21
Let t(o) = -18*o + 1. Let n(x) = 25*x. Let m(a) = -5*n(a) - 6*t(a). Give m(2).
-40
Let x = -66 - -233. Let u(n) = -n**3 + 170 + 7*n - 335 - 7*n**2 + x. What is u(-8)?
10
Let f = 5240 - 5247. Let a(g) = -g**3 - 6*g**2 + 6*g - 14. Give a(f).
-7
Let b(i) = i**2 + 4*i - 35. Let p = 22177 - 22185. Determine b(p).
-3
Suppose -2*o + 21 = -5*o + 3*n, -5 = -n. Let p(f) = -3*f + 5. Give p(o).
11
Let h(g) = -g**2 - g - 11. Suppose -16 = -3*d - i, d - i - 12 = -0*d. Suppose -d*w - 11*w = -w. Calculate h(w).
-11
Let u = -1301 + 1303. Let j(v) = 11*v**2 - 2*v + 2. Calculate j(u).
42
Suppose 5*m = -31 + 46. Let r(t) = -14*t**m - 2 + 2*t + 3*t**3 + 13*t**3. What is r(2)?
18
Let q(k) be the third derivative of k**5/60 - k**4 + 23*k**3/3 - 201*k**2 + 4. Give q(22).
2
Let f(d) = -2*d**2 + 42*d + 110. Let r(s) = s**2 - 20*s - 51. Let y(b) = 6*f(b) + 13*r(b). Give y(10).
17
Let d(n) = 6*n**3 - 2*n**2 - 9*n - 16. Let r(s) = -5*s**3 + 2*s**2 + 8*s + 13. Let a(v) = -6*d(v) - 7*r(v). What is a(3)?
-46
Suppose 16*q - 15 = 32 - 15. Let x(v) = -5*v**3 + 6*v**2 - 3*v + 2. Calculate x(q).
-20
Let x(f) = -21*f + 8808 - 17598 + 8808. What is x(-4)?
102
Let c = 7 + -10. Suppose 4*x + 11 = 5*t + 39, 0 = x - t - 6. Let z(p) = 3822*p - 2*p**x - 7638*p + 3814*p. Determine z(c).
-12
Let x(v) = -v**2 - 43*v - 33. Let i be x(-34). Let t = 267 - i. Let j(s) = -s**2 - 5*s - 4. Determine j(t).
-10
Let u(n) = -22*n**3 + 37*n**2 - 24*n - 52. Let k(j) = 5*j**3 + 2*j**2 + j + 2. Let g(l) = 4*k(l) + u(l). Determine g(22).
0
Let q be (-204)/(-2)*14/28. Suppose 0 = -0*k - 4*k - 180. Let m = k + q. Let s(n) = -n**2 + 4*n + 2. Give s(m).
-10
Let v be (-30)/(-225) + 824/120. Let k(r) = r**2 - 8*r + 18. Give k(v).
11
Let p(i) = -3*i + 1. Let o be (20/6)/(6/9). Let q be p(o). Let v = q - -17. Let h(m) = m**3 - 4*m**2 + 3*m - 3. Calculate h(v).
-3
Let o = 7166 - 7159. Let c(j) = j**3 - 8*j**2 + 4*j + 9. Calculate c(o).
-12
Let x(w) be the third derivative of -3*w**4/8 + 47*w**3/3 - 37*w**2 + 4*w. Give x(10).
4
Let d(g) = g**3 + 13*g**2 + 10*g - 17. Suppose 879 = 3*m + 867. Suppose 3*k = 19*f - 22*f - 36, -3*k + m*f - 36 = 0. Give d(k).
7
Suppose 4*b + 7 = 3*m, -2 + 10 = 4*b. Let k(z) = 16 + z - 10 - m - 8. Suppose c = -4*c + 50. Give k(c).
3
Let i(c) = c**3 - 25*c**2 + 2*c - 46. Let l be (-125 + 130)/(-1*1/(-5)). Give i(l).
4
Let g(n) = -n**3 - 5*n**2 + 2*n + 12. Suppose 7*m + 60*l + 34 = 61*l, 2*m + 3*l = -13. Determine g(m).
2
Let m(y) = 29*y - 462. Let j be m(16). Let r(f) = 12*f**3 - 4*f**2 - 3*f + 3. What is r(j)?
77
Let i(g) = 98 + 6*g + 88 - 256. Calculate i(12).
2
Let j(o) = 8*o. Let a(v) = -v - 36. Let p be a(-6). Let g be (1 - 5)*p/(-24). What is j(g)?
-40
Let d(q) = 110*q - 3414. Let a be d(31). Let k(t) = t**2 - 16. Give k(a).
0
Suppose 4*r - 14 = 2*l, -2*r + 5*l = 2*r - 11. Suppose -j - 4*z - 6 = r*j, -2*z + 6 = -2*j. Let a(x) = -5*x**2 - 4*x - 3. Calculate a(j).
-15
Suppose 2*t - 3 - 13 = 0. Let f(p) = t*p**2 - 2 + 3*p**3 - 11*p + 0*p**3 - 4*p**3 + 0*p. Let w be f(6). Let d(l) = -l**2 + 4*l. Calculate d(w).
0
Let y be (-4)/10 + 42/5. Let s(z) = 11*z - 93. Let g be s(y). Let c(l) = 4*l + 14. What is c(g)?
-6
Let a = -10245 + 10246. Let n(p) = -2*p**3 - 2*p**2 + 2*p - 7. Let m(o) = -o**3 - o**2 + o - 4. Let x(t) = -5*m(t) + 3*n(t). Determine x(a).
-2
Let v(u) = u**2 + 8*u - 17. Let i be v(2). Let f(a) = -3 - 4*a + i - 1 + 12*a**2 - 10*a**2. Let x = -3 + 6. Determine f(x).
5
Suppose 0*p + 9 = -18*p + 9*p. Let o(x) be the second derivative of -x**4/3 - x**3/3 - x**2/2 - 2*x. Give o(p).
-3
Let a(c) = 6*c**2 + 2*c + 1. Let o(q) = -q**2 + 2*q - 3. Let m be o(3). Let t(d) = -136*d + 5 + 149*d + 0*d**3 - d**3 - 4*d**2. Let z be t(m). What is a(z)?
5
Let a = 80679 + -80677. Let j(p) = -17*p - 4. Let b(h) = h + 1. Let v(y) = -4*b(y) - j(y). Calculate v(a).
26
Suppose -8*x - 7*x = 0. Let w(b) = b**3 - b**2 + b - 72. Calculate w(x).
-72
Let a = -76 + 80. Suppose -m - 4*k = a*m + 26, m = -k - 5. Let c(f) = -f**2 - 9*f - 2. What is c(m)?
16
Let c(g) = g**3 - 11*g - 5. Let w be c(-2). Let z(n) = -1 + w*n + 1 + 3 - 1. Give z(-1).
-7
Suppose 0 = -5*w - 3*u + 4, 3*w - 8 = 55*u - 54*u. Let m(r) be the second derivative of -r**5/20 + 5*r**4/12 - 5*r**3/6 + r**2/2 + 18*r. Give m(w).
3
Let y(k) be the first derivative of k**6/180 + k**5/40 - 16*k**3/3 - 8. Let n(x) be the third derivative of y(x). Suppose 9 = -5*p + 2*p. Determine n(p).
9
Let b(w) = 31*w**3 + 12*w**2 - 11*w + 67. Let h(i) = -11*i**3 - 5*i**2 + 3*i - 23. Let n(v) = 5*b(v) + 14*h(v). Let k = -26 - -37. Determine n(k).
-9
Let d be -1*4*(1 - 3). Let t(k) = 8 + k + k + k - d*k. Let p(h) = -3*h + 4. Let s(x) = 7*p(x) - 4*t(x). Calculate s(0).
-4
Suppose -9122*o = -9125*o - 48. Let j(c) = 3*c + 30. Give j(o).
-18
Let x(h) be the third derivative of 7*h + 0 - 2*h**2 + 1/360*h**6 - 2/3*h**3 + 7/120*h**5 - 1/12*h**4. Let m(t) be the first derivative of x(t). What is m(-8)?
6
Let d(r) = 3*r + 15. Let g(h) = -10*h - 46. Let v(i) = -7*d(i) - 2*g(i). Let o be v(-15). Let b(f) = 4*f**2 - 3*f. Give b(o).
10
Let f(l) = -l**3 - 7*l**2 + 10*l + 15. Let d be f(-8). Let q(z) = z - 16. Determine q(d).
-17
Let j(k) = -21*k**3 - k + 1. Let o be ((-4)/12*-7 - 3) + (-20)/(-12). Determine j(o).
-21
Let u(v) be the first derivative of v**3/3 + 17*v**2/2 + 18*v + 9429. What is u(-7)?
-52
Let y(n) = n + 5. Let k be (-76)/(-8) + 5*(-15)/(-50). Suppose -k*m - 42 = -4*m. Give y(m).
-1
Suppose -x - 12 + 6 = 2. Let a(o) be the second derivative of -o**3/6 - 4*o**2 - 3*o. Determine a(x).
0
Let k(l) be the second derivative of l**4/12 - l**3/6 - 12*l**2 - 588*l - 2. Determine k(0).
-24
Let c(t) = -t**3 - 6*t**2 - 5*t - 7. Let z(x) = -x**3 + x + 29. Let w be z(0). Let r = -23 + w. Let a be 3/r + (-33)/6. Give c(a).
-7
Let x = -20 - -30. Let v be (2 - 5/x)/(15/(-10)). Let l(b) = -8*b + 1. Determine l(v).
9
Suppose 3*m + 6*b - b = 47, -29 = -m + 5*b. Suppose -m*p = -14*p + 25. Let u(l) = l + 4. Determine u(p).
-1
Let i(u) = 168*u**2 - 28*u - 322 - 169*u**2 + 348. Determine i(-29).
-3
Suppose 6*b - 375 = -19*b. Let x(s) = 12*s - s**2 - 7*s + 6*s - b. What is x(10)?
-5
Let p(t) = 15*t + 21*t**3 - 34 + 1033*t**3 - 33*t**2 - 1056*t**3. Calculate p(-17).
0
Let j(s) = 76*s - 266. Let i be j(25). Suppose 0 = 1633*u - i*u. Let b(t) = -2*t - 6. Give b(u).
-6
Let w(y) = y**2 + 4*y - 5. Let r be w(-5). Suppose 2*d + r = -10. Let v(a) be the first derivative of -a**3/3 - 3*a**2/2 + 4*a + 3. Give v(d).
-6
Let r(j) = j**3 + 11*j**2 + 26*j + 68. Suppose 1827*k - 1845*k - 162 = 0. Determine r(k).
-4
Let p(c) be the second derivative of -c**4/12 - c**3/6 + 2*c**2 + c. Let h be (-3 - (-51)/18) + (-211)/(-6). Suppose -35*a = -28*a + h. Calculate p(a).
-16
Let u be 2 - 16 - -6*(2 + -1). Let v(f) = -9*f + 19. What is v(u)?
91
Let g be 50/400 + 15/8